{"id":717,"date":"2018-02-03T17:03:52","date_gmt":"2018-02-03T16:03:52","guid":{"rendered":"http:\/\/agil-expertise.com\/?page_id=717"},"modified":"2025-01-28T12:01:52","modified_gmt":"2025-01-28T11:01:52","slug":"nos-experts","status":"publish","type":"page","link":"https:\/\/agil-expertise.com\/index.php\/nos-experts\/","title":{"rendered":"Nos experts"},"content":{"rendered":"<p>[et_pb_section fb_built=\u00a0\u00bb1&Prime; admin_label=\u00a0\u00bbsection\u00a0\u00bb _builder_version=\u00a0\u00bb4.16&Prime; global_colors_info=\u00a0\u00bb{}\u00a0\u00bb][et_pb_row admin_label=\u00a0\u00bbLigne\u00a0\u00bb _builder_version=\u00a0\u00bb4.16&Prime; background_size=\u00a0\u00bbinitial\u00a0\u00bb background_position=\u00a0\u00bbtop_left\u00a0\u00bb background_repeat=\u00a0\u00bbrepeat\u00a0\u00bb global_colors_info=\u00a0\u00bb{}\u00a0\u00bb][et_pb_column type=\u00a0\u00bb4_4&Prime; _builder_version=\u00a0\u00bb4.16&Prime; custom_padding=\u00a0\u00bb|||\u00a0\u00bb global_colors_info=\u00a0\u00bb{}\u00a0\u00bb custom_padding__hover=\u00a0\u00bb|||\u00a0\u00bb][et_pb_text admin_label=\u00a0\u00bbTexte\u00a0\u00bb _builder_version=\u00a0\u00bb4.16&Prime; background_size=\u00a0\u00bbinitial\u00a0\u00bb background_position=\u00a0\u00bbtop_left\u00a0\u00bb background_repeat=\u00a0\u00bbrepeat\u00a0\u00bb global_colors_info=\u00a0\u00bb{}\u00a0\u00bb]<\/p>\n<p style=\"text-align: center;\"><span style=\"font-size: 14pt;\"><a href=\"https:\/\/agil-expertise.com\/index.php\/nos-experts\/\"><strong>Nos experts<\/strong><\/a><\/span><\/p>\n<p><span style=\"font-size: 14pt;\">Notre r\u00e9seau est compos\u00e9 d\u2019experts qui se connaissent personnellement et appr\u00e9cient de travailler ensemble.<\/span><br \/>\n<span style=\"font-size: 14pt;\"> La confiance et la bienveillance constituent des crit\u00e8res primordiaux dans la constitution de notre \u00e9quipe.<\/span><br \/>\n<span style=\"font-size: 14pt;\"> Nos experts conservent leur ind\u00e9pendance tout en s\u2019engageant \u00e0 r\u00e9pondre aux demandes \u00e9manant du r\u00e9seau Agil\u2019Expertise.<\/span><\/p>\n<p>[\/et_pb_text][\/et_pb_column][\/et_pb_row][et_pb_row column_structure=\u00a0\u00bb1_2,1_2&Prime; admin_label=\u00a0\u00bbLigne\u00a0\u00bb _builder_version=\u00a0\u00bb4.16&Prime; background_size=\u00a0\u00bbinitial\u00a0\u00bb background_position=\u00a0\u00bbtop_left\u00a0\u00bb background_repeat=\u00a0\u00bbrepeat\u00a0\u00bb global_colors_info=\u00a0\u00bb{}\u00a0\u00bb][et_pb_column type=\u00a0\u00bb1_2&Prime; _builder_version=\u00a0\u00bb4.16&Prime; custom_padding=\u00a0\u00bb|||\u00a0\u00bb global_colors_info=\u00a0\u00bb{}\u00a0\u00bb custom_padding__hover=\u00a0\u00bb|||\u00a0\u00bb][et_pb_team_member name=\u00a0\u00bbPierre-Alexandre BESSON\u00a0\u00bb position=\u00a0\u00bbSecr\u00e9taire G\u00e9n\u00e9ral &#8211; Directeur juridique\u00a0\u00bb image_url=\u00a0\u00bbhttps:\/\/agil-expertise.com\/wp-content\/uploads\/2018\/02\/Besson-T-1.png\u00a0\u00bb linkedin_url=\u00a0\u00bbhttps:\/\/www.linkedin.com\/in\/pierrealexbesson\u00a0\u00bb admin_label=\u00a0\u00bbPersonne\u00a0\u00bb _builder_version=\u00a0\u00bb4.16&Prime; background_size=\u00a0\u00bbinitial\u00a0\u00bb background_position=\u00a0\u00bbtop_left\u00a0\u00bb background_repeat=\u00a0\u00bbrepeat\u00a0\u00bb animation=\u00a0\u00bbleft\u00a0\u00bb global_colors_info=\u00a0\u00bb{}\u00a0\u00bb]<\/p>\n<p style=\"text-align: justify;\">V\u00e9ritable conseil de proximit\u00e9 des directions g\u00e9n\u00e9rales des ETI \/ PME \/ TPE \/ associations,\u00a0 Pierre-Alexandre construit avec vous des solutions strat\u00e9giques, organisationnelles, juridiques, fiscales, financi\u00e8res et ressources humaines.<\/p>\n<p style=\"text-align: justify;\">Il va vous assister au jour le jour pour suivre vos projets et r\u00e9pondre de mani\u00e8re pragmatique \u00e0 vos probl\u00e8mes imm\u00e9diats.<\/p>\n<p style=\"text-align: justify;\">\n<p style=\"text-align: justify;\">\n<p style=\"text-align: justify;\">\n<p>[\/et_pb_team_member][et_pb_tabs admin_label=\u00a0\u00bbOnglets\u00a0\u00bb _builder_version=\u00a0\u00bb4.16&Prime; background_size=\u00a0\u00bbinitial\u00a0\u00bb background_position=\u00a0\u00bbtop_left\u00a0\u00bb background_repeat=\u00a0\u00bbrepeat\u00a0\u00bb global_colors_info=\u00a0\u00bb{}\u00a0\u00bb][et_pb_tab title=\u00a0\u00bbComp\u00e9tences\u00a0\u00bb _builder_version=\u00a0\u00bb4.16&Prime; body_font=\u00a0\u00bb||||\u00a0\u00bb body_line_height=\u00a0\u00bb2em\u00a0\u00bb tab_font=\u00a0\u00bb||||\u00a0\u00bb tab_line_height=\u00a0\u00bb2em\u00a0\u00bb background_size=\u00a0\u00bbinitial\u00a0\u00bb background_position=\u00a0\u00bbtop_left\u00a0\u00bb background_repeat=\u00a0\u00bbrepeat\u00a0\u00bb body_line_height_tablet=\u00a0\u00bb2em\u00a0\u00bb body_line_height_phone=\u00a0\u00bb2em\u00a0\u00bb tab_line_height_tablet=\u00a0\u00bb2em\u00a0\u00bb tab_line_height_phone=\u00a0\u00bb2em\u00a0\u00bb global_colors_info=\u00a0\u00bb{}\u00a0\u00bb]<\/p>\n<p>Management d\u2019\u00e9quipes, de projets et d\u2019unit\u00e9s \u00e9conomiques,<\/p>\n<p>D\u00e9veloppement des strat\u00e9gies d\u2019entreprise,<\/p>\n<p>Organisation g\u00e9n\u00e9rale,<\/p>\n<p>Gestion des ressources humaines,<\/p>\n<p>Conseil et assistance aux entreprises,<\/p>\n<p>Finance d\u2019entreprise,<\/p>\n<p>Gestion des dossiers de fusion acquisition,<\/p>\n<p>Droit et la fiscalit\u00e9 des affaires,<\/p>\n<p>Gestion des risques et des contentieux juridiques<\/p>\n<p>[\/et_pb_tab][et_pb_tab title=\u00a0\u00bbFormation \u00a0\u00bb _builder_version=\u00a0\u00bb4.16&Prime; body_font=\u00a0\u00bb||||\u00a0\u00bb body_line_height=\u00a0\u00bb2em\u00a0\u00bb tab_font=\u00a0\u00bb||||\u00a0\u00bb tab_line_height=\u00a0\u00bb2em\u00a0\u00bb background_size=\u00a0\u00bbinitial\u00a0\u00bb background_position=\u00a0\u00bbtop_left\u00a0\u00bb background_repeat=\u00a0\u00bbrepeat\u00a0\u00bb body_line_height_tablet=\u00a0\u00bb2em\u00a0\u00bb body_line_height_phone=\u00a0\u00bb2em\u00a0\u00bb tab_line_height_tablet=\u00a0\u00bb2em\u00a0\u00bb tab_line_height_phone=\u00a0\u00bb2em\u00a0\u00bb global_colors_info=\u00a0\u00bb{}\u00a0\u00bb]<\/p>\n<p>AMP<img loading=\"lazy\" decoding=\"async\" class=\"wp-image-927 alignright size-medium\" src=\"https:\/\/agil-expertise.com\/wp-content\/uploads\/2018\/02\/771px-ESSEC_Logo.svg_-300x132.png\" alt=\"\" width=\"68\" height=\"30\" srcset=\"https:\/\/agil-expertise.com\/wp-content\/uploads\/2018\/02\/771px-ESSEC_Logo.svg_-300x132.png 300w, https:\/\/agil-expertise.com\/wp-content\/uploads\/2018\/02\/771px-ESSEC_Logo.svg_-768x338.png 768w, https:\/\/agil-expertise.com\/wp-content\/uploads\/2018\/02\/771px-ESSEC_Logo.svg_.png 771w\" sizes=\"(max-width: 68px) 100vw, 68px\" \/> Management G\u00e9n\u00e9ral<\/p>\n<p>DEA en<img loading=\"lazy\" decoding=\"async\" class=\"wp-image-929 alignright size-large\" src=\"https:\/\/agil-expertise.com\/wp-content\/uploads\/2018\/02\/Universite-de-Rouen-1024x369.png\" alt=\"\" width=\"77\" height=\"28\" srcset=\"https:\/\/agil-expertise.com\/wp-content\/uploads\/2018\/02\/Universite-de-Rouen-1024x369.png 1024w, https:\/\/agil-expertise.com\/wp-content\/uploads\/2018\/02\/Universite-de-Rouen-300x108.png 300w, https:\/\/agil-expertise.com\/wp-content\/uploads\/2018\/02\/Universite-de-Rouen-768x277.png 768w, https:\/\/agil-expertise.com\/wp-content\/uploads\/2018\/02\/Universite-de-Rouen-1080x389.png 1080w\" sizes=\"(max-width: 77px) 100vw, 77px\" \/> droit international et Europ\u00e9en des affaires<\/p>\n<p>Auditeur IHEDN 175e SR (Rouen, Caen, Southampton)<img loading=\"lazy\" decoding=\"async\" class=\"wp-image-978 alignright size-medium\" src=\"https:\/\/agil-expertise.com\/wp-content\/uploads\/2018\/02\/200px-IHEDN-188x300.jpg\" alt=\"\" width=\"39\" height=\"62\" srcset=\"https:\/\/agil-expertise.com\/wp-content\/uploads\/2018\/02\/200px-IHEDN-188x300.jpg 188w, https:\/\/agil-expertise.com\/wp-content\/uploads\/2018\/02\/200px-IHEDN.jpg 200w\" sizes=\"(max-width: 39px) 100vw, 39px\" \/><\/p>\n<p>Certificat Ma\u00eetrise des fondamentaux de la finance (HEC)<\/p>\n<p>Officier de l\u2019\u00e9cole d\u2019application de l\u2019arme blind\u00e9e cavalerie (Saumur)<\/p>\n<p>[\/et_pb_tab][et_pb_tab title=\u00a0\u00bbEn savoir plus\u00a0\u00bb _builder_version=\u00a0\u00bb4.16&Prime; body_font=\u00a0\u00bb||||\u00a0\u00bb body_line_height=\u00a0\u00bb2em\u00a0\u00bb tab_font=\u00a0\u00bb||||\u00a0\u00bb tab_line_height=\u00a0\u00bb2em\u00a0\u00bb background_size=\u00a0\u00bbinitial\u00a0\u00bb background_position=\u00a0\u00bbtop_left\u00a0\u00bb background_repeat=\u00a0\u00bbrepeat\u00a0\u00bb body_line_height_tablet=\u00a0\u00bb2em\u00a0\u00bb body_line_height_phone=\u00a0\u00bb2em\u00a0\u00bb tab_line_height_tablet=\u00a0\u00bb2em\u00a0\u00bb tab_line_height_phone=\u00a0\u00bb2em\u00a0\u00bb global_colors_info=\u00a0\u00bb{}\u00a0\u00bb]<a href=\"https:\/\/agil-expertise.com\/index.php\/savoir-plus-realisations-de-pierre-alexandre-besson\/\">En savoir plus sur les r\u00e9alisations de Pierre-Alexandre Besson<\/a><br \/>\n[\/et_pb_tab][et_pb_tab title=\u00a0\u00bbContactez-moi\u00a0\u00bb _builder_version=\u00a0\u00bb4.16&Prime; body_font=\u00a0\u00bb||||\u00a0\u00bb body_line_height=\u00a0\u00bb2em\u00a0\u00bb tab_font=\u00a0\u00bb||||\u00a0\u00bb tab_line_height=\u00a0\u00bb2em\u00a0\u00bb background_size=\u00a0\u00bbinitial\u00a0\u00bb background_position=\u00a0\u00bbtop_left\u00a0\u00bb background_repeat=\u00a0\u00bbrepeat\u00a0\u00bb body_line_height_tablet=\u00a0\u00bb2em\u00a0\u00bb body_line_height_phone=\u00a0\u00bb2em\u00a0\u00bb tab_line_height_tablet=\u00a0\u00bb2em\u00a0\u00bb tab_line_height_phone=\u00a0\u00bb2em\u00a0\u00bb global_colors_info=\u00a0\u00bb{}\u00a0\u00bb]<\/p>\n<p><img loading=\"lazy\" decoding=\"async\" class=\"wp-image-872 alignleft\" src=\"https:\/\/agil-expertise.com\/wp-content\/uploads\/2018\/02\/icone_telephoneportable-150x150.png\" alt=\"\" width=\"57\" height=\"57\" srcset=\"https:\/\/agil-expertise.com\/wp-content\/uploads\/2018\/02\/icone_telephoneportable-150x150.png 150w, https:\/\/agil-expertise.com\/wp-content\/uploads\/2018\/02\/icone_telephoneportable-382x382.png 382w\" sizes=\"(max-width: 57px) 100vw, 57px\" \/><\/p>\n<p><span style=\"font-size: 14pt;\">06 66 44 08 40<\/span><\/p>\n<p><img loading=\"lazy\" decoding=\"async\" class=\"wp-image-873 alignleft\" src=\"https:\/\/agil-expertise.com\/wp-content\/uploads\/2018\/02\/icone-mail-orange-150x150.png\" alt=\"\" width=\"60\" height=\"60\" srcset=\"https:\/\/agil-expertise.com\/wp-content\/uploads\/2018\/02\/icone-mail-orange-150x150.png 150w, https:\/\/agil-expertise.com\/wp-content\/uploads\/2018\/02\/icone-mail-orange-300x300.png 300w, https:\/\/agil-expertise.com\/wp-content\/uploads\/2018\/02\/icone-mail-orange-768x768.png 768w, https:\/\/agil-expertise.com\/wp-content\/uploads\/2018\/02\/icone-mail-orange-1024x1024.png 1024w, https:\/\/agil-expertise.com\/wp-content\/uploads\/2018\/02\/icone-mail-orange-1080x1080.png 1080w, https:\/\/agil-expertise.com\/wp-content\/uploads\/2018\/02\/icone-mail-orange.png 1920w\" sizes=\"(max-width: 60px) 100vw, 60px\" \/><\/p>\n<p><a href=\"mailto:pab@agil-expertise.com\"><span style=\"font-size: 14pt;\">pab@agil-expertise.com<\/span><\/a><\/p>\n<p>[\/et_pb_tab][\/et_pb_tabs][\/et_pb_column][et_pb_column type=\u00a0\u00bb1_2&Prime; _builder_version=\u00a0\u00bb4.16&Prime; custom_padding=\u00a0\u00bb|||\u00a0\u00bb global_colors_info=\u00a0\u00bb{}\u00a0\u00bb custom_padding__hover=\u00a0\u00bb|||\u00a0\u00bb][et_pb_team_member name=\u00a0\u00bbC\u00e9dric VATTIER\u00a0\u00bb position=\u00a0\u00bbDirecteur des Syst\u00e8mes d&rsquo;Information &#8211; AMOA strat\u00e9gique\u00a0\u00bb image_url=\u00a0\u00bbhttps:\/\/agil-expertise.com\/wp-content\/uploads\/2018\/02\/Vattier-T.png\u00a0\u00bb linkedin_url=\u00a0\u00bbhttps:\/\/www.linkedin.com\/in\/cedric-vattier\/\u00a0\u00bb admin_label=\u00a0\u00bbPersonne\u00a0\u00bb _builder_version=\u00a0\u00bb4.16&Prime; background_size=\u00a0\u00bbinitial\u00a0\u00bb background_position=\u00a0\u00bbtop_left\u00a0\u00bb background_repeat=\u00a0\u00bbrepeat\u00a0\u00bb animation=\u00a0\u00bbleft\u00a0\u00bb global_colors_info=\u00a0\u00bb{}\u00a0\u00bb]<\/p>\n<p>Expert en syst\u00e8mes d\u2019information, architecture r\u00e9seaux, s\u00e9curit\u00e9 et production informatique, et en rationalisation des processus,\u00a0 C\u00e9dric vous assistera pour transformer votre organisation en profondeur de mani\u00e8re \u00e0 la rendre agile et r\u00e9siliente.<\/p>\n<p>Facilitateur de vos projets, v\u00e9ritable interface pour les directions m\u00e9tiers, il saura s&rsquo;int\u00e9grer rapidement dans vos organisations.<\/p>\n<p style=\"text-align: justify;\">[\/et_pb_team_member][et_pb_tabs admin_label=\u00a0\u00bbOnglets\u00a0\u00bb _builder_version=\u00a0\u00bb4.16&Prime; background_size=\u00a0\u00bbinitial\u00a0\u00bb background_position=\u00a0\u00bbtop_left\u00a0\u00bb background_repeat=\u00a0\u00bbrepeat\u00a0\u00bb global_colors_info=\u00a0\u00bb{}\u00a0\u00bb][et_pb_tab title=\u00a0\u00bbComp\u00e9tences\u00a0\u00bb _builder_version=\u00a0\u00bb4.16&Prime; body_font=\u00a0\u00bb||||\u00a0\u00bb body_line_height=\u00a0\u00bb2em\u00a0\u00bb tab_font=\u00a0\u00bb||||\u00a0\u00bb tab_line_height=\u00a0\u00bb2em\u00a0\u00bb background_size=\u00a0\u00bbinitial\u00a0\u00bb background_position=\u00a0\u00bbtop_left\u00a0\u00bb background_repeat=\u00a0\u00bbrepeat\u00a0\u00bb body_line_height_tablet=\u00a0\u00bb2em\u00a0\u00bb body_line_height_phone=\u00a0\u00bb2em\u00a0\u00bb tab_line_height_tablet=\u00a0\u00bb2em\u00a0\u00bb tab_line_height_phone=\u00a0\u00bb2em\u00a0\u00bb global_colors_info=\u00a0\u00bb{}\u00a0\u00bb]<\/p>\n<p>DSI \u00e0 temps partag\u00e9<\/p>\n<p>Transition<\/p>\n<p>Management d&rsquo;\u00e9quipes \/ de projets informatiques<\/p>\n<p>Assistance \u00e0 maitrise d&rsquo;ouvrage (AMOA)<\/p>\n<p>Strat\u00e9gie \/ Sch\u00e9mas directeurs<\/p>\n<p>Conduite du changement<\/p>\n<p>S\u00e9curisation des environnements (MOE\/MOA)<\/p>\n<p>Gestion des infrastructures \/ virtualisation \/ cloud computing (MOE\/MOA)<\/p>\n<p>Gestion des r\u00e9seaux (MOE\/MOA)<\/p>\n<p>Achats informatiques et gestion de la relation fournisseur<\/p>\n<p>Externalisation \/ Internalisation<\/p>\n<p>[\/et_pb_tab][et_pb_tab title=\u00a0\u00bbFormation \u00a0\u00bb _builder_version=\u00a0\u00bb4.16&Prime; body_font=\u00a0\u00bb||||\u00a0\u00bb body_line_height=\u00a0\u00bb2em\u00a0\u00bb tab_font=\u00a0\u00bb||||\u00a0\u00bb tab_line_height=\u00a0\u00bb2em\u00a0\u00bb background_size=\u00a0\u00bbinitial\u00a0\u00bb background_position=\u00a0\u00bbtop_left\u00a0\u00bb background_repeat=\u00a0\u00bbrepeat\u00a0\u00bb body_line_height_tablet=\u00a0\u00bb2em\u00a0\u00bb body_line_height_phone=\u00a0\u00bb2em\u00a0\u00bb tab_line_height_tablet=\u00a0\u00bb2em\u00a0\u00bb tab_line_height_phone=\u00a0\u00bb2em\u00a0\u00bb global_colors_info=\u00a0\u00bb{}\u00a0\u00bb]<\/p>\n<p class=\"\">Master 2 Gestion des Syst\u00e8mes d&rsquo;Information<img loading=\"lazy\" decoding=\"async\" class=\"wp-image-892 alignright size-medium\" src=\"https:\/\/agil-expertise.com\/wp-content\/uploads\/2018\/02\/Universit\u00e9_Paris-Dauphine_logo.svg_-300x118.png\" alt=\"\" width=\"77\" height=\"30\" srcset=\"https:\/\/agil-expertise.com\/wp-content\/uploads\/2018\/02\/Universit\u00e9_Paris-Dauphine_logo.svg_-300x118.png 300w, https:\/\/agil-expertise.com\/wp-content\/uploads\/2018\/02\/Universit\u00e9_Paris-Dauphine_logo.svg_-768x302.png 768w, https:\/\/agil-expertise.com\/wp-content\/uploads\/2018\/02\/Universit\u00e9_Paris-Dauphine_logo.svg_.png 1024w\" sizes=\"(max-width: 77px) 100vw, 77px\" \/><\/p>\n<p>[\/et_pb_tab][et_pb_tab title=\u00a0\u00bbEn savoir plus\u00a0\u00bb _builder_version=\u00a0\u00bb4.16&Prime; body_font=\u00a0\u00bb||||\u00a0\u00bb body_line_height=\u00a0\u00bb2em\u00a0\u00bb tab_font=\u00a0\u00bb||||\u00a0\u00bb tab_line_height=\u00a0\u00bb2em\u00a0\u00bb background_size=\u00a0\u00bbinitial\u00a0\u00bb background_position=\u00a0\u00bbtop_left\u00a0\u00bb background_repeat=\u00a0\u00bbrepeat\u00a0\u00bb body_line_height_tablet=\u00a0\u00bb2em\u00a0\u00bb body_line_height_phone=\u00a0\u00bb2em\u00a0\u00bb tab_line_height_tablet=\u00a0\u00bb2em\u00a0\u00bb tab_line_height_phone=\u00a0\u00bb2em\u00a0\u00bb global_colors_info=\u00a0\u00bb{}\u00a0\u00bb]<a href=\"https:\/\/agil-expertise.com\/index.php\/savoir-plus-realisations-de-cedric-vattier\/\">En savoir plus sur les r\u00e9alisations de C\u00e9dric Vattier<\/a><br \/>\n[\/et_pb_tab][et_pb_tab title=\u00a0\u00bbContactez-moi\u00a0\u00bb _builder_version=\u00a0\u00bb4.16&Prime; body_font=\u00a0\u00bb||||\u00a0\u00bb body_line_height=\u00a0\u00bb2em\u00a0\u00bb tab_font=\u00a0\u00bb||||\u00a0\u00bb tab_line_height=\u00a0\u00bb2em\u00a0\u00bb background_size=\u00a0\u00bbinitial\u00a0\u00bb background_position=\u00a0\u00bbtop_left\u00a0\u00bb background_repeat=\u00a0\u00bbrepeat\u00a0\u00bb body_line_height_tablet=\u00a0\u00bb2em\u00a0\u00bb body_line_height_phone=\u00a0\u00bb2em\u00a0\u00bb tab_line_height_tablet=\u00a0\u00bb2em\u00a0\u00bb tab_line_height_phone=\u00a0\u00bb2em\u00a0\u00bb global_colors_info=\u00a0\u00bb{}\u00a0\u00bb]<\/p>\n<p><img loading=\"lazy\" decoding=\"async\" class=\"wp-image-872 alignleft\" src=\"https:\/\/agil-expertise.com\/wp-content\/uploads\/2018\/02\/icone_telephoneportable-150x150.png\" alt=\"\" width=\"57\" height=\"57\" srcset=\"https:\/\/agil-expertise.com\/wp-content\/uploads\/2018\/02\/icone_telephoneportable-150x150.png 150w, https:\/\/agil-expertise.com\/wp-content\/uploads\/2018\/02\/icone_telephoneportable-382x382.png 382w\" sizes=\"(max-width: 57px) 100vw, 57px\" \/><\/p>\n<p><span style=\"font-size: 14pt;\">06 12 46 09 56<\/span><\/p>\n<p><img loading=\"lazy\" decoding=\"async\" class=\"wp-image-873 alignleft\" src=\"https:\/\/agil-expertise.com\/wp-content\/uploads\/2018\/02\/icone-mail-orange-150x150.png\" alt=\"\" width=\"60\" height=\"60\" srcset=\"https:\/\/agil-expertise.com\/wp-content\/uploads\/2018\/02\/icone-mail-orange-150x150.png 150w, https:\/\/agil-expertise.com\/wp-content\/uploads\/2018\/02\/icone-mail-orange-300x300.png 300w, https:\/\/agil-expertise.com\/wp-content\/uploads\/2018\/02\/icone-mail-orange-768x768.png 768w, https:\/\/agil-expertise.com\/wp-content\/uploads\/2018\/02\/icone-mail-orange-1024x1024.png 1024w, https:\/\/agil-expertise.com\/wp-content\/uploads\/2018\/02\/icone-mail-orange-1080x1080.png 1080w, https:\/\/agil-expertise.com\/wp-content\/uploads\/2018\/02\/icone-mail-orange.png 1920w\" sizes=\"(max-width: 60px) 100vw, 60px\" \/><\/p>\n<p><a href=\"mailto:pab@agil-expertise.com\"><span style=\"font-size: 14pt;\">cva@agil-expertise.com<\/span><\/a><\/p>\n<p>[\/et_pb_tab][\/et_pb_tabs][\/et_pb_column][\/et_pb_row][\/et_pb_section]<\/p>\n","protected":false},"excerpt":{"rendered":"<p>Nos experts Notre r\u00e9seau est compos\u00e9 d\u2019experts qui se connaissent personnellement et appr\u00e9cient de travailler ensemble. La confiance et la bienveillance constituent des crit\u00e8res primordiaux dans la constitution de notre \u00e9quipe. Nos experts conservent leur ind\u00e9pendance tout en s\u2019engageant \u00e0 r\u00e9pondre aux demandes \u00e9manant du r\u00e9seau Agil\u2019Expertise.V\u00e9ritable conseil de proximit\u00e9 des directions g\u00e9n\u00e9rales des ETI [&hellip;]<\/p>\n","protected":false},"author":1,"featured_media":0,"parent":0,"menu_order":0,"comment_status":"closed","ping_status":"closed","template":"","meta":{"_et_pb_use_builder":"on","_et_pb_old_content":"<p style=\"text-align: justify;\"><strong>Pierre-Alexandre BESSON<\/strong><\/p><p style=\"text-align: justify;\">Secr\u00e9taire G\u00e9n\u00e9ral au services des PME et des associations<\/p><p style=\"text-align: justify;\">V\u00e9ritable conseil de proximit\u00e9 des directions g\u00e9n\u00e9rales des PME \/ TPE \/ Associations,\u00a0 Pierre-Alexandre construit avec vous des solutions strat\u00e9giques, organisationnelles, juridiques, fiscales, financi\u00e8res et ressources humaines et vous assiste au jour le jour pour les mettre en place puis les faire vivre dans votre organisation.<\/p><p style=\"text-align: justify;\"><strong>Comp\u00e9tences :<\/strong><\/p><p style=\"text-align: justify;\">- le management d'\u00e9quipes, de projets et de d'unit\u00e9s \u00e9conomiques,<br \/> - le d\u00e9veloppement des strat\u00e9gies d'entreprise,<br \/> - l'organisation g\u00e9n\u00e9rale,<br \/> - la gestion des ressources humaines,<br \/> - le conseil et l'assistance aux entreprises,<br \/> - la finance d'entreprise,<br \/> - les dossiers de fusion acquisition,<br \/> - le droit et la fiscalit\u00e9 des affaires,<br \/> - la gestion des risques et des contentieux juridiques,<\/p><p style=\"text-align: justify;\"><strong>Exemples de r\u00e9alisations :<\/strong><\/p><p style=\"text-align: justify;\">- R\u00e9flexions strat\u00e9giques et r\u00e9daction de plusieurs business plans incluant les business models, l'environnement concurrentiel, la construction de l'offre, la d\u00e9finition des atouts strat\u00e9giques, les pr\u00e9visions budg\u00e9taires.<\/p><p style=\"text-align: justify;\">- R\u00e9organisation ou cr\u00e9ation de services juridiques : Mise en place d'une vision, d'une strat\u00e9gie, d'une organisation, de KPI, conduite du changement...<\/p><p style=\"text-align: justify;\">- N\u00e9gociation, r\u00e9daction et commentaires de contrats en fran\u00e7ais, anglais ou espagnol avec des \"global players\" dont plus de la moiti\u00e9 des soci\u00e9t\u00e9s du CAC40 ;<\/p><p style=\"text-align: justify;\">- Plusieurs restructurations de groupes de soci\u00e9t\u00e9s (avec optimisations juridiques, financi\u00e8res et fiscales): op\u00e9rations impliquant une combinaison de fusions, d'apports partiels d'actifs, de TUP, de cessions de fonds de commerce, de vente d'immeubles;<\/p><p style=\"text-align: justify;\">- Une vingtaine d'op\u00e9rations de rachat et\/ou de vente de soci\u00e9t\u00e9s (due diligence, data rooms, audits, \u00e9valuations, n\u00e9gociations, contrats de cession et garanties de passif, probl\u00e9matiques d'int\u00e9gration)<\/p><p style=\"text-align: justify;\">- Gestion \/ cr\u00e9ation de filiales dans plus de 40 pays diff\u00e9rents<\/p><p style=\"text-align: justify;\">- Gestion r\u00e9ussie de sinistres grands risques industriels avec des enjeu de 35.000.000 \u20ac maximum.<\/p><p style=\"text-align: justify;\">- Ren\u00e9gociation et r\u00e9-\u00e9chelonnement des programmes d'assurance des groupes ;<\/p><p style=\"text-align: justify;\">- Refonte de la politique de contr\u00f4le interne et des logiques d'engagements, de paiements et de d\u00e9l\u00e9gations de pouvoirs<\/p><p style=\"text-align: justify;\">- Mise en place de plans de continuit\u00e9 d'activit\u00e9 et de gestion de crise en lien avec des clients du CAC40<\/p><p style=\"text-align: justify;\">- Mise en place de proc\u00e9dures et de strat\u00e9gies de recouvrement de cr\u00e9ances,<\/p><p style=\"text-align: justify;\">- R\u00e9daction du document unique et de plans de pr\u00e9vention<\/p><p style=\"text-align: justify;\">- R\u00e9daction de contrats de travail pour les expatri\u00e9s<\/p><p style=\"text-align: justify;\">- Suivi des \u00e9volutions sociales en mati\u00e8re de cotisations sociales (DSN)<\/p><p style=\"text-align: justify;\">- Mise en place de proc\u00e9dures disciplinaires<\/p><p style=\"text-align: justify;\">- Audit transverse : social, juridique, financier<\/p><p style=\"text-align: justify;\"><strong>Activit\u00e9s explor\u00e9es :<\/strong><\/p><p style=\"text-align: justify;\">SERVICES : gardiennage, installation et gestion de syst\u00e8mes de s\u00e9curit\u00e9, s\u00fbret\u00e9 a\u00e9roportuaire, multiservices, mise \u00e0 disposition de main d'oeuvre int\u00e9rimaire<br \/> DISTRIBUTION : produits pharmaceutiques, articles de sport<br \/> ACTIVITES PHARMACEUTIQUES<br \/> COMMERCE INTERNATIONAL : machines industrielles, produits pharmaceutiques<br \/> CHANTIERS INTERNATIONAUX : montage\/d\u00e9montage de machines \u00e0 papier\/carton<br \/> TRANSPORT DE FONDS ET VALEURS<br \/> IMMOBILIER : promotion et gestion<br \/> ENTREPRENEURIAT : Investissement dans Fourche et Fourchette, une start-up sp\u00e9cialis\u00e9e dans le commerce en ligne de produits alimentaires bio bas\u00e9e sur le concept \"du champs \u00e0 l'assiette\"<br \/> Etude de plusieurs mod\u00e8les \u00e9conomiques dans une optique de cr\u00e9ation\/reprise (plateforme collaborative \/ de march\u00e9 pour jeunes seniors ; r\u00e9novation \u00e9nerg\u00e9tique de l'habitat individuel ; chaudronnerie industrielle)<\/p><p style=\"text-align: justify;\"><strong>L\u00e9gitimit\u00e9 :<\/strong><\/p><p style=\"text-align: justify;\">18 ans d'exp\u00e9rience comme:<br \/> - Manager de services juridiques et de gestion des risques au sein de groupes internationaux,<br \/> - Directeur D\u00e9l\u00e9gu\u00e9 et Secr\u00e9taire G\u00e9n\u00e9ral de PME,<br \/> - Consultant pour les entrepreneurs<\/p><p style=\"text-align: justify;\">Business partner \u00e0 l'\u00e9coute, proactif et orient\u00e9 r\u00e9sultat.<\/p><p style=\"text-align: justify;\"><strong>Dipl\u00f4mes et titres :<\/strong><br \/> - AMP Management G\u00e9n\u00e9ral (ESSEC Paris La D\u00e9fense, 2010)<br \/> - DEA en droit international et Europ\u00e9en des affaires (universit\u00e9 de Rouen, 1996)<br \/> - Auditeur IHEDN 175e SR (Rouen, Caen, Southampton, 2008)<br \/> - Certificat Ma\u00eetrise des fondamentaux de la finance (HEC, 2008)<\/p><p>\u00a0<\/p>","_et_gb_content_width":"","footnotes":""},"class_list":["post-717","page","type-page","status-publish","hentry"],"_links":{"self":[{"href":"https:\/\/agil-expertise.com\/index.php\/wp-json\/wp\/v2\/pages\/717","targetHints":{"allow":["GET"]}}],"collection":[{"href":"https:\/\/agil-expertise.com\/index.php\/wp-json\/wp\/v2\/pages"}],"about":[{"href":"https:\/\/agil-expertise.com\/index.php\/wp-json\/wp\/v2\/types\/page"}],"author":[{"embeddable":true,"href":"https:\/\/agil-expertise.com\/index.php\/wp-json\/wp\/v2\/users\/1"}],"replies":[{"embeddable":true,"href":"https:\/\/agil-expertise.com\/index.php\/wp-json\/wp\/v2\/comments?post=717"}],"version-history":[{"count":54,"href":"https:\/\/agil-expertise.com\/index.php\/wp-json\/wp\/v2\/pages\/717\/revisions"}],"predecessor-version":[{"id":1582,"href":"https:\/\/agil-expertise.com\/index.php\/wp-json\/wp\/v2\/pages\/717\/revisions\/1582"}],"wp:attachment":[{"href":"https:\/\/agil-expertise.com\/index.php\/wp-json\/wp\/v2\/media?parent=717"}],"curies":[{"name":"wp","href":"https:\/\/api.w.org\/{rel}","templated":true}]}}