{"id":247,"date":"2017-06-02T09:45:35","date_gmt":"2017-06-02T07:45:35","guid":{"rendered":"http:\/\/agil-expertise.com\/?page_id=247"},"modified":"2020-06-11T13:59:13","modified_gmt":"2020-06-11T11:59:13","slug":"mentions-legales","status":"publish","type":"page","link":"https:\/\/agil-expertise.com\/index.php\/mentions-legales\/","title":{"rendered":"Mentions l\u00e9gales"},"content":{"rendered":"<p>[et_pb_section admin_label=\u00a0\u00bbsection\u00a0\u00bb]<br \/>\n\t\t\t[et_pb_row admin_label=\u00a0\u00bbrow\u00a0\u00bb]<br \/>\n\t\t\t\t[et_pb_column type=\u00a0\u00bb4_4&Prime;][et_pb_text admin_label=\u00a0\u00bbText\u00a0\u00bb]Bienvenus sur la plateforme web d&rsquo;AGIL&rsquo;EXPERTISE !<\/p>\n<p>Soci\u00e9t\u00e9 AGIL&rsquo;EXPERTISE<br \/>\nSAS \u00e0 capital variable<br \/>\nSi\u00e8ge social : 48 rue Couronn\u00e9 76230 Bois-Guillaume, Seine-Maritime, Normandie<br \/>\nR.C.S. ROUEN n\u00b0833 620 081<br \/>\nContact : contact@agil-expertise.com<br \/>\nT\u00e9l : + 33 (0)6 66 44 08 40<br \/>\nN\u00b0 identification TVA : FR47833620081<br \/>\nDirecteur de la publication : Pierre-Alexandre Besson<\/p>\n<p>H\u00e9bergeur :<br \/>\nSAS OVH<br \/>\n2, rue Kellermann<br \/>\n59100 ROUBAIX \u2013 FRANCE<br \/>\n+33 9 72 10 10 07<\/p>\n<p style=\"text-align: justify;\">Le pr\u00e9sent site est \u00e9dit\u00e9 par AGIL&rsquo;EXPERTISE qui en est propri\u00e9taire. Les \u00e9l\u00e9ments de son contenu qui ont \u00e9t\u00e9 r\u00e9dig\u00e9s par le directeur de la publication sont \u00e9galement couverts au sens du code de la propri\u00e9t\u00e9 intellectuelle,, notamment par le droit d&rsquo;auteur. Toute reproduction et \/ ou diffusion, en tout ou partie, de toute information ou \u00e9l\u00e9ment du site par quelque moyen que ce soit est interdite sans autorisation pr\u00e9alable.<\/p>\n<p style=\"text-align: justify;\">Informatique et Libert\u00e9 :<\/p>\n<p style=\"text-align: justify;\">Les informations recueillies font l\u2019objet d\u2019un traitement informatique destin\u00e9 \u00e0 la prospection commerciale et \u00e0 la gestion de la client\u00e8le. Elles sont destin\u00e9es aux services commerciaux et administratifs de l\u2019entreprise AGIL&rsquo;EXPERTISE. Certaines informations pourront \u00e9galement \u00eatre communiqu\u00e9es \u00e0 toute personne habilit\u00e9e.<\/p>\n<p style=\"text-align: justify;\">Conform\u00e9ment \u00e0 la loi \u00ab\u00a0Informatique et Libert\u00e9\u00a0\u00bb du 6 janvier 1978 et ses modifications successives, vous b\u00e9n\u00e9ficiez d\u2019un droit d\u2019acc\u00e8s, de modification, de rectification et de suppression aux informations qui vous concernent, droit que vous pouvez exercer en nous adressant un courriel \u00e0 l\u2019adresse : contact@agil-expertise.com. Vous pouvez \u00e9galement, pour des motifs l\u00e9gitimes, vous opposer au traitement des donn\u00e9es vous concernant. Monsieur Pierre-Alexandre Besson, Pr\u00e9sident de la SAS AGIL&rsquo;EXPERTISE est responsable du traitement des donn\u00e9es.<\/p>\n<p style=\"text-align: justify;\">D\u00e9marchage: En cas d&rsquo;utilisation du formulaire de contact l\u2019entreprise AGIL&rsquo;EXPERTISE est soumise \u00e0 la l\u00e9gislation sur le d\u00e9marchage \u00e0 domicile en vertu des articles L121-1 et suivants du code de la consommation.<\/p>\n<p style=\"text-align: justify;\">Les informations, donn\u00e9es et analyses contenues sur le Site ne peuvent en aucun cas \u00eatre assimil\u00e9es \u00e0 des prestations de services ou de conseil rendues par leurs auteurs. Aussi, elles ne peuvent \u00eatre utilis\u00e9es comme un substitut \u00e0 une consultation rendue par une personne professionnellement comp\u00e9tente. En tout \u00e9tat de cause, la responsabilit\u00e9 de AGIL&rsquo;EXPERTISE ne pourra en aucun cas \u00eatre engag\u00e9e du fait ou \u00e0 la suite d\u2019une d\u00e9cision prise sur la base des informations, donn\u00e9es et analyses pr\u00e9sent\u00e9es sur ce site.<\/p>\n<p style=\"text-align: justify;\">Tout lien hypertexte vers ce site, quel que soit le type de lien, doit faire l&rsquo;objet d&rsquo;une autorisation pr\u00e9alable de AGIL&rsquo;EXPERTISE.<\/p>\n<p style=\"text-align: justify;\">Ce Site peut inclure des liens hypertextes vers d\u2019autres sites ou des pr\u00e9sentations, vid\u00e9os, textes, articles et autres contenus pour lesquels AGIL&rsquo;EXPERTISE ne revendique aucun droit quelconque de propri\u00e9t\u00e9, ces \u00e9l\u00e9ments \u00e9tant mis \u00e0 disposition qu&rsquo;\u00e0 des fins informatives.<\/p>\n<p style=\"text-align: justify;\">Le contenu des sites ou des pages de sites tiers sont sous la responsabilit\u00e9 exclusive de leur(s) auteur(s) et ne sauraient engager la responsabilit\u00e9 de AGIL&rsquo;EXPERTISE qui n&rsquo;est aucunement responsable de ces contenus ou \u00e9ventuelles failles de s\u00e9curit\u00e9 de ces autres sites.<\/p>\n<p style=\"text-align: justify;\">Nous d\u00e9clinons toute responsabilit\u00e9 pour tout pr\u00e9judice subi en raison d\u2019une manipulation correcte ou incorrecte, du t\u00e9l\u00e9chargement ou de toute forme d\u2019utilisation licite, illicite, autoris\u00e9e ou non-autoris\u00e9e du site, m\u00eame si ce pr\u00e9judice est d\u00fb \u00e0 une n\u00e9gligence d&rsquo;AGIL&rsquo;EXPERTISE, de ses dirigeants ou d\u2019une tierce personne.<\/p>\n<p style=\"text-align: justify;\">L&rsquo;utilisateur est seul responsable de la mise en \u0153uvre des moyens n\u00e9cessaires \u00e0 la protection du syst\u00e8me informatique \u00e0 partir duquel il consulte les pages de ce site.<\/p>\n<p style=\"text-align: justify;\">Les photos utilis\u00e9es sont soit libres de droit d&rsquo;usage pour les illustrations &#8211; licence Creative Commons \u00ae &#8211; soit propri\u00e9t\u00e9 du site.<\/p>\n<p>&nbsp;<\/p>\n<p>&nbsp;[\/et_pb_text][\/et_pb_column]<br \/>\n\t\t\t[\/et_pb_row]<br \/>\n\t\t[\/et_pb_section]<\/p>\n","protected":false},"excerpt":{"rendered":"<p>Bienvenus sur la plateforme web d&rsquo;AGIL&rsquo;EXPERTISE ! Soci\u00e9t\u00e9 AGIL&rsquo;EXPERTISE SAS \u00e0 capital variable Si\u00e8ge social : 48 rue Couronn\u00e9 76230 Bois-Guillaume, Seine-Maritime, Normandie R.C.S. ROUEN n\u00b0833 620 081 Contact : contact@agil-expertise.com T\u00e9l : + 33 (0)6 66 44 08 40 N\u00b0 identification TVA : FR47833620081 Directeur de la publication : Pierre-Alexandre Besson H\u00e9bergeur : SAS [&hellip;]<\/p>\n","protected":false},"author":1,"featured_media":0,"parent":0,"menu_order":0,"comment_status":"closed","ping_status":"closed","template":"","meta":{"_et_pb_use_builder":"on","_et_pb_old_content":"Bienvenus sur la plateforme web d'AGIL'EXPERTISE !\r\n\r\nSoci\u00e9t\u00e9 AGIL'EXPERTISE \r\nSAS \u00e0 capital variable\r\nSi\u00e8ge social : 48 rue Couronn\u00e9 76230 Bois-Guillaume, Seine-Maritime, Normandie\r\nR.C.S. ROUEN n\u00b0833 620 081\r\nContact : contact@agil-expertise.com\r\nT\u00e9l : + 33 (0)6 66 44 08 40\r\nN\u00b0 identification TVA : FR47833620081\r\nDirecteur de la publication : Pierre-Alexandre Besson\r\n\r\nH\u00e9bergeur :\r\nSAS OVH\r\n2, rue Kellermann\r\n59100 ROUBAIX \u2013 FRANCE\r\n+33 9 72 10 10 07\r\n<p style=\"text-align: justify;\">Le pr\u00e9sent site est \u00e9dit\u00e9 par AGIL'EXPERTISE qui en est propri\u00e9taire. Les \u00e9l\u00e9ments de son contenu qui ont \u00e9t\u00e9 r\u00e9dig\u00e9s par le directeur de la publication sont \u00e9galement couverts au sens du code de la propri\u00e9t\u00e9 intellectuelle,, notamment par le droit d'auteur. Toute reproduction et \/ ou diffusion, en tout ou partie, de toute information ou \u00e9l\u00e9ment du site par quelque moyen que ce soit est interdite sans autorisation pr\u00e9alable.<\/p>\r\n<p style=\"text-align: justify;\">Informatique et Libert\u00e9 :<\/p>\r\n<p style=\"text-align: justify;\">Les informations recueillies font l\u2019objet d\u2019un traitement informatique destin\u00e9 \u00e0 la prospection commerciale et \u00e0 la gestion de la client\u00e8le. Elles sont destin\u00e9es aux services commerciaux et administratifs de l\u2019entreprise AGIL'EXPERTISE. Certaines informations pourront \u00e9galement \u00eatre communiqu\u00e9es \u00e0 toute personne habilit\u00e9e.<\/p>\r\n<p style=\"text-align: justify;\">Conform\u00e9ment \u00e0 la loi \u00ab\u00a0Informatique et Libert\u00e9\u00a0\u00bb du 6 janvier 1978 et ses modifications successives, vous b\u00e9n\u00e9ficiez d\u2019un droit d\u2019acc\u00e8s, de modification, de rectification et de suppression aux informations qui vous concernent, droit que vous pouvez exercer en nous adressant un courriel \u00e0 l\u2019adresse : contact@agil-expertise.com. Vous pouvez \u00e9galement, pour des motifs l\u00e9gitimes, vous opposer au traitement des donn\u00e9es vous concernant. Monsieur Pierre-Alexandre Besson, Pr\u00e9sident de la SAS AGIL'EXPERTISE est responsable du traitement des donn\u00e9es.<\/p>\r\n<p style=\"text-align: justify;\">D\u00e9marchage: En cas d'utilisation du formulaire de contact l\u2019entreprise AGIL'EXPERTISE est soumise \u00e0 la l\u00e9gislation sur le d\u00e9marchage \u00e0 domicile en vertu des articles L121-1 et suivants du code de la consommation.<\/p>\r\n<p style=\"text-align: justify;\">Les informations, donn\u00e9es et analyses contenues sur le Site ne peuvent en aucun cas \u00eatre assimil\u00e9es \u00e0 des prestations de services ou de conseil rendues par leurs auteurs. Aussi, elles ne peuvent \u00eatre utilis\u00e9es comme un substitut \u00e0 une consultation rendue par une personne professionnellement comp\u00e9tente. En tout \u00e9tat de cause, la responsabilit\u00e9 de AGIL'EXPERTISE ne pourra en aucun cas \u00eatre engag\u00e9e du fait ou \u00e0 la suite d\u2019une d\u00e9cision prise sur la base des informations, donn\u00e9es et analyses pr\u00e9sent\u00e9es sur ce site.<\/p>\r\n<p style=\"text-align: justify;\">Tout lien hypertexte vers ce site, quel que soit le type de lien, doit faire l'objet d'une autorisation pr\u00e9alable de AGIL'EXPERTISE.<\/p>\r\n<p style=\"text-align: justify;\">Ce Site peut inclure des liens hypertextes vers d\u2019autres sites ou des pr\u00e9sentations, vid\u00e9os, textes, articles et autres contenus pour lesquels AGIL'EXPERTISE ne revendique aucun droit quelconque de propri\u00e9t\u00e9, ces \u00e9l\u00e9ments \u00e9tant mis \u00e0 disposition qu'\u00e0 des fins informatives.<\/p>\r\n<p style=\"text-align: justify;\">Le contenu des sites ou des pages de sites tiers sont sous la responsabilit\u00e9 exclusive de leur(s) auteur(s) et ne sauraient engager la responsabilit\u00e9 de AGIL'EXPERTISE qui n'est aucunement responsable de ces contenus ou \u00e9ventuelles failles de s\u00e9curit\u00e9 de ces autres sites.<\/p>\r\n<p style=\"text-align: justify;\">Nous d\u00e9clinons toute responsabilit\u00e9 pour tout pr\u00e9judice subi en raison d\u2019une manipulation correcte ou incorrecte, du t\u00e9l\u00e9chargement ou de toute forme d\u2019utilisation licite, illicite, autoris\u00e9e ou non-autoris\u00e9e du site, m\u00eame si ce pr\u00e9judice est d\u00fb \u00e0 une n\u00e9gligence d'AGIL'EXPERTISE, de ses dirigeants ou d\u2019une tierce personne.<\/p>\r\n<p style=\"text-align: justify;\">L'utilisateur est seul responsable de la mise en \u0153uvre des moyens n\u00e9cessaires \u00e0 la protection du syst\u00e8me informatique \u00e0 partir duquel il consulte les pages de ce site.<\/p>\r\n<p style=\"text-align: justify;\">Les photos utilis\u00e9es sont soit libres de droit d'usage pour les illustrations - licence Creative Commons \u00ae - soit propri\u00e9t\u00e9 du site.<\/p>\r\n&nbsp;\r\n\r\n&nbsp;","_et_gb_content_width":"","footnotes":""},"class_list":["post-247","page","type-page","status-publish","hentry"],"_links":{"self":[{"href":"https:\/\/agil-expertise.com\/index.php\/wp-json\/wp\/v2\/pages\/247","targetHints":{"allow":["GET"]}}],"collection":[{"href":"https:\/\/agil-expertise.com\/index.php\/wp-json\/wp\/v2\/pages"}],"about":[{"href":"https:\/\/agil-expertise.com\/index.php\/wp-json\/wp\/v2\/types\/page"}],"author":[{"embeddable":true,"href":"https:\/\/agil-expertise.com\/index.php\/wp-json\/wp\/v2\/users\/1"}],"replies":[{"embeddable":true,"href":"https:\/\/agil-expertise.com\/index.php\/wp-json\/wp\/v2\/comments?post=247"}],"version-history":[{"count":8,"href":"https:\/\/agil-expertise.com\/index.php\/wp-json\/wp\/v2\/pages\/247\/revisions"}],"predecessor-version":[{"id":1441,"href":"https:\/\/agil-expertise.com\/index.php\/wp-json\/wp\/v2\/pages\/247\/revisions\/1441"}],"wp:attachment":[{"href":"https:\/\/agil-expertise.com\/index.php\/wp-json\/wp\/v2\/media?parent=247"}],"curies":[{"name":"wp","href":"https:\/\/api.w.org\/{rel}","templated":true}]}}